of (t/9)/(-4)*-3.
13
Let p be 72/6 + (-2)/1. Let b = -7 + p. Suppose -v + 6 = b*r, -4*r = -v - 0 + 6. List the prime factors of v.
2, 3
Suppose -12*s = -10175 - 3541. List the prime factors of s.
3, 127
Suppose -106 + 1034 = 4*z. Suppose -14*h + 12*h = -z. What are the prime factors of h?
2, 29
Let q(m) = m**2 - 9*m + 7. Let f be 1/3 + (-4)/(-6). Let h be 253/22 - f/2. What are the prime factors of q(h)?
29
Suppose 4*g + 6*t - t = 700, 4*g + t = 700. What are the prime factors of g?
5, 7
Suppose 3*o = -3*w - 582, 3*w + 4*o = -0*w - 586. Let n = w + 384. What are the prime factors of n?
2, 97
Suppose -5*u = 2*c - 4*c + 5982, 2*c + 5*u = 6022. List the prime factors of c.
3001
Suppose -14*d - 50 = 34. Let h(p) = 5*p**2 + 7*p + 12. What are the prime factors of h(d)?
2, 3, 5
Suppose 3*o - 7*v = -3*v - 20, -3*v - 6 = 3*o. Let r be o/(-2) + 2 - -164. Suppose 2*y - 6*y = -r. List the prime factors of y.
2, 3, 7
Let o = -41 + 6. Suppose -h + 2*h + 2*b - 56 = 0, -62 = -h - 4*b. Let g = h + o. List the prime factors of g.
3, 5
Let z = 1303 + 214. List the prime factors of z.
37, 41
Suppose 0 = l - 0*l + 1. Let h = l - -3. List the prime factors of 240/18 + h/(-6).
13
Let g(k) = -k**2 + 4*k + 5. Let i(c) = -c**2 - c. Let d(h) = g(h) - 2*i(h). Let r be d(-11). Suppose l - r = -21. What are the prime factors of l?
3, 13
Let g(s) = 0*s**3 - 18*s**2 - 10*s + 3 - 10 + 30*s**2 - s**3. Let x be g(11). Suppose 2*h - 13 - 69 = -3*c, -h + 51 = x*c. List the prime factors of h.
5, 7
Let l = -491 - -701. List the prime factors of l.
2, 3, 5, 7
Suppose 7*q - 2*f = 4*q + 944, 5*f = -4*q + 1297. List the prime factors of q.
2, 3, 53
Let r = 11826 - 8364. What are the prime factors of r?
2, 3, 577
Let d = -9 + 18. Suppose -t = -2*z + 12, 3*z + z - 28 = 3*t. Let l = d + t. What are the prime factors of l?
5
Let q be 1 - (5*16 - 1). Let r = q + 141. List the prime factors of r.
3, 7
Let o(i) = -7*i + 156. List the prime factors of o(-33).
3, 43
Let i be 0 - ((-1716)/15 + 4/10). Let m = i + -22. What are the prime factors of m?
2, 23
Let h = -188 + 278. Suppose -5*o - 225 = h. Let v = -30 - o. List the prime factors of v.
3, 11
Suppose 4*b - 28 = -0*b. Let o(z) = z - 7. Let w be o(b). Suppose -5*d + w*d = -90. List the prime factors of d.
2, 3
Let z be 0 + -4 + 3 + 5. Suppose -z*g + 105 = -3*g. What are the prime factors of g?
3, 5, 7
Let j(p) = -3*p + 6*p**3 + 2 + 5*p - 3*p. Let q be (6/(-15))/((-1)/5). What are the prime factors of j(q)?
2, 3
Let u(x) = 5*x**3 + 19*x**2 + x - 37. Let w(n) = 4*n**3 + 18*n**2 + 2*n - 37. Let d(y) = -3*u(y) + 4*w(y). List the prime factors of d(-13).
2, 59
Let g(w) be the second derivative of w**4/12 - w**3 - 17*w**2 + 25*w. List the prime factors of g(17).
3, 17
Suppose -6*s = -4*s. Suppose 0*q + q = s. Suppose 2*o + 0*b + 2*b - 12 = q, 34 = 4*o + 2*b. List the prime factors of o.
11
Let k = -18 + 12. Let r be (k/9)/(4/(-6)). Let t = r + 69. List the prime factors of t.
2, 5, 7
Let x(v) = 54*v**3 - 3*v**2 - v - 4. What are the prime factors of x(2)?
2, 3, 23
What are the prime factors of 116*(-1 - 297/(-18))?
2, 29, 31
Let p = 2 - -5. Suppose 0 = 4*t - 103 + p. Let g = -16 + t. List the prime factors of g.
2
What are the prime factors of (-320508)/(-377) - (-2)/(-13)?
2, 5, 17
Let g(j) = -6*j**3 - 18*j**2 + 13*j + 30. List the prime factors of g(-7).
5, 223
Let o = 28 - 26. Let u(p) = 14*p**2 - 5*p + 13. Let b(g) = -5*g**2 + 2*g - 4. Let m(i) = -7*b(i) - 2*u(i). What are the prime factors of m(o)?
2, 11
What are the prime factors of -97*3*(-10)/30?
97
Let o(n) = 2*n + 24. Let y be o(-12). What are the prime factors of 5 + -5 + y + (13 - 0)?
13
Suppose -5*u + d = -d - 7555, 4*u - 6042 = 2*d. What are the prime factors of u?
17, 89
Let g(q) = q**2 + 2*q - 3. Let z be g(-3). Let v be (-4)/(8/(-68) - z). Suppose 74 + v = 3*r. List the prime factors of r.
2, 3
Suppose 5*u + 9*d - 354 = 7*d, 4*u + 3*d - 279 = 0. List the prime factors of u.
2, 3
Let x(n) = -n**3 + 9*n**2 + 15*n - 18. List the prime factors of x(8).
2, 83
Let m(v) = -v**3 - 5*v**2 - 3*v - 4*v - 7 + 3. Let d = -253 - -249. List the prime factors of m(d).
2
Suppose 0 = 5*p - 3*z - 8432, 0*z - z = 4*p - 6749. List the prime factors of p.
7, 241
Let t(n) = -2*n**3 + 17*n**2 - 6*n - 9. What are the prime factors of t(7)?
2, 3
Let h = 77 - 17. Let n = 124 - h. What are the prime factors of n?
2
Let r(f) be the second derivative of -3*f**2 + 0 + 1/3*f**3 - 8*f - 1/20*f**5 + 3/4*f**4. List the prime factors of r(9).
2, 3
Let b be -1*10*2/(-5). Suppose -62 = -z + b*p, 2*z - 251 + 88 = -5*p. What are the prime factors of z?
2, 37
Suppose 44*j - 30*j - 20608 = 0. What are the prime factors of j?
2, 23
Suppose -41*b = 2*i - 40*b - 668, 0 = -5*b. List the prime factors of i.
2, 167
Let h be -3*4*(-11)/6. Let c = h - -3. Suppose -2*p - 100 = -5*i, 3*p = 4*i - 112 + c. What are the prime factors of i?
2, 3
Let s be (-2)/(-6)*0 - -14. Let b(p) be the second derivative of -p**5/20 + 7*p**4/6 + 2*p**3/3 - 12*p**2 + 72*p. List the prime factors of b(s).
2
Let b(h) = 3*h + 4. Let f(k) = -k**3 + 6*k**2 - 4*k - 5. Let i be f(5). Suppose 6*n - 3*n - 15 = i. What are the prime factors of b(n)?
19
Let c(a) = 3*a + 2. Let l be c(3). Let o = 9 - l. Let r = 9 + o. What are the prime factors of r?
7
Let o(m) = -m + 4. Let b be o(2). Let l be 0/4 + 14/b. Suppose -5*p + 42 = 2*g, -3*p + 5*g + 12 = -l. What are the prime factors of p?
2
Suppose 11*x = 5*n + 8*x - 8178, -3*n - x + 4904 = 0. What are the prime factors of n?
3, 5, 109
Suppose y + 1 = 3. What are the prime factors of 590/20 - 1/(y/3)?
2, 7
Let h = 30 - 39. Let f(d) = d**2 + 8*d - 1. What are the prime factors of f(h)?
2
Let f = 459 + -235. Suppose 4*t + 3 = -3*a + f, -15 = -3*t. What are the prime factors of a?
67
Let q(i) = -14*i + 562. What are the prime factors of q(20)?
2, 3, 47
Suppose -2231 = -a - 394. List the prime factors of a.
11, 167
Let l be (-9)/12 - 534/(-8). Let f = 112 - l. List the prime factors of f.
2, 23
Let j(p) = 15*p + 18*p + 27*p. Let c be j(6). Suppose z - c = -5*z. What are the prime factors of z?
2, 3, 5
Let p = -12 + 5. Let x(m) = 5*m - 5*m - 8 - 9*m**2 + 3*m - m**3 + 3*m**2. List the prime factors of x(p).
2, 5
Let b(o) = -4*o - 3. Let i be b(-4). Let p(g) = 5*g**2 + g - 2. Let z be p(-1). Let x = z + i. What are the prime factors of x?
3, 5
Suppose -6910 - 23780 = -5*m + 3*p, -2*m + p + 12277 = 0. List the prime factors of m.
3, 23, 89
Suppose -10*x + 2848 = -2*x. List the prime factors of x.
2, 89
Suppose -6*f = -f. Suppose 0 = -r - f*r + y, 0 = -5*r + 3*y + 6. Suppose -50 = -8*v + r*v. What are the prime factors of v?
2, 5
Let f be (-5 - 11)*(-9)/(-2). Let b be (-2)/12 - 228/f. Suppose b*g = -3*y + 165, -2*g + 47 + 231 = 5*y. What are the prime factors of y?
2, 7
Suppose 3*d + 6 = 12. Suppose -3*s = -0*s + 5*y - 268, d*y + 426 = 5*s. List the prime factors of s.
2, 43
What are the prime factors of (8060/39)/(-20)*-303?
31, 101
Suppose 1265 = 3*c - 5*z, c - 9*z + 7*z - 420 = 0. List the prime factors of c.
2, 5, 43
Suppose -486 = 6*a - 15*a. What are the prime factors of a?
2, 3
Let i(p) = 1144*p + 250. List the prime factors of i(2).
2, 3, 47
Suppose -2*h + 6 = -3*n, 6 = 2*n - 5*n. Suppose h = 2*m - 4*u - 24, 2 = 5*m - 2*u - 82. What are the prime factors of m?
2, 3
List the prime factors of (-69440)/(-49) - (-2)/(-14).
13, 109
Suppose -3*o + 15 = 2*o - 3*k, 0 = -5*o - 5*k - 25. Suppose o = 2*y - 264 + 104. What are the prime factors of y?
2, 5
Let a(v) be the third derivative of -59*v**4/12 - 7*v**3/6 - 37*v**2. List the prime factors of a(-1).
3, 37
Let a = -470 + 1219. List the prime factors of a.
7, 107
Let d = -26 + -33. Let r = d - -83. Suppose l + r = 3*l. What are the prime factors of l?
2, 3
Suppose -4*a + 4*p + 5539 = 355, 0 = 5*a + 5*p - 6490. Suppose -4*f - 2*d = 3*d - a, 0 = -f + 3*d + 303. List the prime factors of f.
2, 3, 53
Suppose 0 = 9*y - 1237 - 2264. What are the prime factors of y?
389
Let x = -14 - -9. Let i be (5 + x)/(4/(-1)). Suppose i = 10*p - 8*p - 26. What are the prime factors of p?
13
Suppose -2*p = -5*s - 564 - 208, 1945 = 5*p - 5*s. What are the prime factors of p?
17, 23
What are the prime factors of 8 - (-7 + 2284)*6/(-6)?
5, 457
Let o be 4*1/4 - 20. Suppose 8*m - 3*m - 75 = 0